89.
27
What is the highest common factor of 876 and 88289412?
876
What is the highest common factor of 67136914 and 116?
58
What is the greatest common factor of 224280417 and 59?
59
What is the greatest common factor of 84220169 and 22?
11
What is the greatest common divisor of 165 and 6924885?
165
Calculate the greatest common divisor of 22375 and 9280255.
895
What is the greatest common divisor of 201 and 311217479?
67
Calculate the greatest common factor of 94090746 and 3461.
3461
Calculate the highest common divisor of 68420242 and 1430.
22
Calculate the highest common divisor of 84224 and 37376.
256
Calculate the highest common divisor of 1254 and 180741.
33
What is the greatest common divisor of 45689 and 667279?
61
What is the greatest common factor of 150 and 11158530?
30
Calculate the highest common divisor of 16195372 and 95.
19
Calculate the highest common divisor of 844074342 and 18.
18
What is the greatest common factor of 1176 and 37242?
6
Calculate the greatest common divisor of 80910 and 4460490.
2610
Calculate the greatest common divisor of 33002375 and 140.
35
Calculate the highest common factor of 228019 and 52459.
209
Calculate the greatest common divisor of 8788 and 121305158.
4394
What is the greatest common divisor of 200 and 623550?
50
What is the greatest common factor of 513800 and 1400?
1400
What is the greatest common factor of 643998 and 1142118?
3558
Calculate the highest common factor of 3320 and 448223240.
3320
What is the highest common factor of 28061650 and 109674?
1354
Calculate the greatest common divisor of 8331018 and 93438.
1074
Calculate the greatest common factor of 415898 and 264928.
974
What is the greatest common divisor of 8885646 and 378?
378
What is the greatest common factor of 17262 and 65294474?
1918
Calculate the highest common factor of 2818516 and 29064.
692
What is the greatest common divisor of 77 and 6966553?
11
What is the greatest common divisor of 6201 and 205101?
117
Calculate the highest common divisor of 5770946 and 1064.
38
Calculate the greatest common divisor of 15150 and 896200.
50
Calculate the highest common factor of 11158 and 310562.
14
What is the greatest common factor of 91121401 and 2282?
1141
What is the highest common factor of 62113 and 905323?
347
Calculate the greatest common factor of 3350 and 822636050.
3350
Calculate the greatest common divisor of 3125574 and 54.
54
What is the greatest common divisor of 2323716920 and 518?
518
Calculate the highest common divisor of 12264 and 9702357.
1533
What is the highest common factor of 19580869 and 133?
7
What is the highest common divisor of 658794 and 3714?
6
What is the greatest common factor of 57232 and 505014?
146
What is the highest common factor of 4492651 and 166685?
1961
Calculate the highest common factor of 1696573 and 305988.
593
What is the greatest common divisor of 115607250 and 6930?
990
Calculate the greatest common divisor of 56579 and 40208159.
1951
Calculate the highest common factor of 1573 and 197.
1
What is the highest common factor of 37999632 and 282?
6
What is the highest common divisor of 776748 and 21168?
588
Calculate the highest common factor of 110892 and 1356.
12
Calculate the greatest common factor of 32760 and 5424965.
455
What is the greatest common divisor of 39 and 295421802?
39
Calculate the greatest common factor of 434 and 1250461415.
217
Calculate the highest common factor of 307584 and 565416.
72
Calculate the highest common factor of 10 and 38299.
1
What is the highest common divisor of 99 and 796221?
9
What is the highest common factor of 2593062 and 15975?
639
Calculate the greatest common factor of 105577 and 187362.
1487
What is the highest common divisor of 1794 and 6362421?
897
What is the highest common factor of 181280 and 25960?
440
Calculate the highest common factor of 4026 and 10730388.
366
Calculate the highest common factor of 41700 and 48660.
60
Calculate the highest common factor of 1510080 and 3452592.
6864
What is the highest common divisor of 1511784 and 856211?
2333
Calculate the highest common divisor of 3740 and 4683160.
340
What is the highest common divisor of 456 and 5514648?
24
What is the greatest common divisor of 3728 and 105104?
16
Calculate the highest common factor of 48 and 2388300.
12
What is the highest common factor of 266 and 14831742?
38
What is the highest common factor of 1081723761 and 27?
27
Calculate the highest common divisor of 5958 and 29988.
18
Calculate the greatest common factor of 87428910 and 12.
6
What is the greatest common factor of 7918851 and 222?
111
What is the highest common divisor of 672 and 653516192?
224
Calculate the greatest common divisor of 154332880 and 19840.
2480
Calculate the greatest common divisor of 15192096 and 57.
57
Calculate the highest common factor of 2158686 and 5418.
774
Calculate the highest common divisor of 1332 and 556812.
36
What is the highest common factor of 265407755 and 1285?
1285
Calculate the highest common factor of 66327469 and 65.
13
Calculate the greatest common divisor of 126 and 23395358.
14
Calculate the highest common divisor of 1108755 and 240155.
215
What is the highest common factor of 136971 and 298395?
171
What is the highest common divisor of 13339537 and 2434?
1217
Calculate the greatest common factor of 119982210 and 32010.
2910
What is the greatest common factor of 68257 and 1933148?
343
Calculate the greatest common divisor of 2904246 and 3.
3
Calculate the greatest common factor of 441 and 12521803.
49
What is the greatest common factor of 14 and 1177370614?
14
Calculate the highest common factor of 61122419 and 47.
47
What is the highest common factor of 72710247 and 12114?
2019
What is the highest common factor of 1610 and 1973515?
115
Calculate the greatest common factor of 132480 and 607752.
1656
What is the greatest common factor of 25974110 and 53514?
1982
What is the highest common factor of 636 and 347000964?
636
What is the highest common divisor of 172 and 53639748?
172
What is the highest common factor of 1951870 and 491910?
190
What is the highest common divisor of 1420 and 12775953?
71
Calculate the greatest common divisor of 672072 and 300981.
123
Calculate the highest common divisor of 646 and 1043366.
38
Calculate the greatest common factor of 33500264 and 2072.
56
Calculate the highest common factor of 92446 and 7038.
34
What is the greatest common divisor of 60 and 502263660?
60
Calculate the greatest common factor of 23904 and 3312.
144
Calculate the highest common divisor of 98 and 11324138.
14
What is the greatest common factor of 75761576 and 110?
22
Calculate the highest common factor of 327047 and 22344.
133
Calculate the highest common factor of 1342918 and 69644.
1514
What is the highest common divisor of 51397364 and 419332?
5308
What is the greatest common divisor of 214 and 60690935?
107
Calculate the greatest common divisor of 185288 and 16748.
212
Calculate the greatest common divisor of 4581649 and 488.
61
What is the highest common factor of 207879 and 12787?
19
Calculate the greatest common factor of 58788 and 92644.
92
Calculate the greatest common divisor of 102924 and 351.
27
Calculate the greatest common factor of 6702 and 36.
6
Calculate the highest common factor of 14016 and 32023932.
876
Calculate the greatest common divisor of 133 and 2124029.
19
Calculate the greatest common factor of 12444069 and 38.
19
What is the highest common factor of 178928 and 1961?
53
Calculate the greatest common divisor of 5494 and 589498.
82
Calculate the greatest common factor of 8873 and 287090.
19
What is the highest common factor of 32756 and 1391636?
76
Calculate the greatest common divisor of 11930097 and 411.
411
What is the highest common factor of 16875 and 16401375?
1125
What is the greatest common factor of 316604 and 22?
2
What is the greatest common factor of 110139325 and 410?
205
Calculate the highest common divisor of 80 and 73345400.
40
Calculate the highest common factor of 37840 and 2947120.
880
Calculate the greatest common divisor of 205 and 543250205.
205
What is the greatest common factor of 39390394 and 68?
34
Calculate the greatest common factor of 148292 and 241564.
524
Calculate the highest common divisor of 8308 